 5, what is -121 - -220?
44
In base 7, what is -132 + 0?
-132
In base 9, what is -1467 + -24?
-1502
In base 2, what is 101 + 1000101000?
1000101101
In base 7, what is -2006 - -5?
-2001
In base 12, what is -3 - -2?
-1
In base 11, what is -2 + 36?
34
In base 15, what is 1 - -64?
65
In base 10, what is -527 + -21?
-548
In base 2, what is 0 + -110011111?
-110011111
In base 12, what is -2b54 - -5?
-2b4b
In base 9, what is -725 - 5?
-731
In base 14, what is 25 + 58?
7d
In base 10, what is -1 + -607?
-608
In base 12, what is 2 - -b1?
b3
In base 11, what is 0 - -1?
1
In base 6, what is -12 + -1132?
-1144
In base 13, what is 41 - 117?
-a6
In base 16, what is 49 - -65?
ae
In base 8, what is -11 + -57?
-70
In base 3, what is -2 - 212022?
-212101
In base 6, what is -10 - -1002?
552
In base 7, what is 630 - 14?
613
In base 5, what is 10 - -14402?
14412
In base 11, what is -a12 + -5?
-a17
In base 12, what is -5 + -102?
-107
In base 15, what is 54 + -4?
50
In base 15, what is -7a5 - 4?
-7a9
In base 7, what is 22 + -1065?
-1043
In base 9, what is -336 + -3?
-340
In base 10, what is -185 - -4?
-181
In base 10, what is 12 + 454?
466
In base 13, what is 0 + -4?
-4
In base 16, what is -152 + -3?
-155
In base 3, what is -1001001 + 1?
-1001000
In base 12, what is 5 - 118?
-113
In base 14, what is 151 - 3?
14c
In base 15, what is -a - -14?
9
In base 12, what is 1b6 + -4?
1b2
In base 15, what is -6 - -cd?
c7
In base 2, what is -101111 - -10000111?
1011000
In base 13, what is 296 - -12?
2a8
In base 7, what is -20 - 134?
-154
In base 13, what is 39 + -1?
38
In base 6, what is -1 + 1?
0
In base 13, what is -1 - 4a?
-4b
In base 3, what is 11 - -220110?
220121
In base 12, what is 7a5 - -5?
7aa
In base 6, what is 0 - 30025?
-30025
In base 14, what is -1c - 8?
-26
In base 4, what is -11 + -201031?
-201102
In base 7, what is -2 + 543?
541
In base 5, what is 3 - -113221?
113224
In base 11, what is 90 - -2?
92
In base 5, what is 12433 - -2?
12440
In base 8, what is -26 - 10?
-36
In base 3, what is 10 - -1110100?
1110110
In base 6, what is 22 + 3500?
3522
In base 12, what is -b + -9?
-18
In base 6, what is -2 - -2430?
2424
In base 7, what is 5 + 6160?
6165
In base 12, what is -32b + 5?
-326
In base 8, what is 5 + -666?
-661
In base 8, what is 6241 - 2?
6237
In base 5, what is 102 - -4?
111
In base 13, what is -6 - -446?
440
In base 11, what is -1a0 - -11?
-18a
In base 16, what is -5 + -790?
-795
In base 14, what is 3 + 1b?
20
In base 16, what is -34 - 0?
-34
In base 11, what is -64 + -4a?
-103
In base 5, what is -100 - 1141?
-1241
In base 13, what is -293 + -c?
-2a2
In base 10, what is -29 - 143?
-172
In base 2, what is 101 + 110110?
111011
In base 14, what is -4 + 45?
41
In base 8, what is 135 - -1?
136
In base 5, what is 24 - 1421?
-1342
In base 2, what is -11 + 101100?
101001
In base 7, what is 0 - 1625?
-1625
In base 9, what is 5 - 43?
-37
In base 11, what is -84 - 1?
-85
In base 13, what is 46c - -4?
473
In base 6, what is -3 + 430?
423
In base 8, what is 5 - 110?
-103
In base 10, what is 1 - -57?
58
In base 5, what is -3300 - 0?
-3300
In base 8, what is -1121 - 5?
-1126
In base 15, what is -592 - 4?
-596
In base 2, what is -111111000100011 - -100?
-111111000011111
In base 10, what is -4 + -47?
-51
In base 10, what is -66 - 3?
-69
In base 7, what is -223461 + -4?
-223465
In base 15, what is -27 + 1a?
-c
In base 3, what is 0 - 211200?
-211200
In base 10, what is 0 - 145?
-145
In base 9, what is -2236 + 7?
-2228
In base 11, what is 25 - 0?
25
In base 7, what is 4 - 20553?
-20546
In base 11, what is 3 + 143?
146
In base 6, what is 4 - -2153?
2201
In base 16, what is -3 - -da?
d7
In base 12, what is 0 - 28a?
-28a
In base 14, what is 0 + -15?
-15
In base 7, what is -1555 + -22?
-1610
In base 15, what is -2 - 11?
-13
In base 15, what is -1 - -1b9?
1b8
In base 8, what is 2401 + 5?
2406
In base 10, what is 2 + 732?
734
In base 5, what is 0 - 1222?
-1222
In base 8, what is 147 - 4?
143
In base 16, what is -5 + 606?
601
In base 2, what is -10 - -10100010?
10100000
In base 9, what is 34 - -32?
66
In base 4, what is 2 + 1023?
1031
In base 8, what is 3 - -51?
54
In base 2, what is -1010011 - -1000?
-1001011
In base 16, what is -1 - -12ee?
12ed
In base 7, what is 1125 + 2?
1130
In base 16, what is -34 - 21?
-55
In base 3, what is 10 + -1010?
-1000
In base 13, what is -4 - 143?
-147
In base 8, what is -111 - 10?
-121
In base 16, what is -2 + -6c?
-6e
In base 13, what is -87 - -2?
-85
In base 13, what is 3 + 159b?
15a1
In base 8, what is 2 + -45?
-43
In base 5, what is 3 - -22444?
23002
In base 13, what is -76 + -4?
-7a
In base 16, what is -5 + 34?
2f
In base 2, what is 100011111 - -10?
100100001
In base 16, what is 2 - -12e?
130
In base 4, what is 10002 + -3?
3333
In base 11, what is 119 + 2a?
148
In base 3, what is 10 + 10212211?
10212221
In base 6, what is -3 + -42?
-45
In base 4, what is -10 - -132310?
132300
In base 9, what is 2 + 77?
80
In base 7, what is 40 + 4?
44
In base 2, what is -111 + 10100110?
10011111
In base 14, what is -5 - -d?
8
In base 10, what is 22 - -6?
28
In base 8, what is -655 + 0?
-655
In base 6, what is 42 + -5?
33
In base 5, what is 2011 - -12?
2023
In base 14, what is d + -229?
-21a
In base 4, what is -113 - -1121?
1002
In base 9, what is 35 - -16?
52
In base 16, what is -71be - 5?
-71c3
In base 11, what is 70 - 2?
69
In base 6, what is 100220 - 5?
100211
In base 8, what is -11 - -15?
4
In base 3, what is 0 - 102001?
-102001
In base 16, what is 3 - 3ba?
-3b7
In base 14, what is 5 - -36?
3b
In base 12, what is 3 - 449?
-446
In base 13, what is -19b - 6?
-1a4
In base 12, what is -4 - -52b?
527
In base 10, what is 9 - -13?
22
In base 16, what is 13f + -6?
139
In base 8, what is 61 + -144?
-63
In base 11, what is -4 + 839?
835
In base 16, what is -4 + -29d?
-2a1
In base 5, what is -3 - 142?
-200
In base 15, what is -b - -7?
-4
In base 14, what is 40d + 2?
411
In base 7, what is 1134 + 14?
1151
In base 10, what is -2 + -1995?
-1997
In base 5, what is 3 - 2440?
-2432
In base 7, what is -12 - -16?
4
In base 7, what is 32 + 43?
105
In base 15, what is 112 - 5?
10c
In base 16, what is -8 - -2e2?
2da
In base 16, what is -27 - 43a?
-461
In base 13, what is -9 - -95?
89
In base 4, what is -23333 + -10?
-30003
In base 14, what is 0 + -200c?
-200c
In base 6, what is 115 + 2?
121
In base 3, what is 202022 - 2?
202020
In base 7, what is 24 + 16?
43
In base 13, what is 2 - 32c2?
-32c0
In base 15, what is 2c4 - -4?
2c8
In base 16, what is -1 - -23?
22
In base 4, what is 33 - -1?
100
In base 4, what is 10232103 + 10?
10232113
In base 13, what is 0 + 4?
4
In base 14, what is -2 + -11d?
-121
In base 10, what is -3 + -3972?
-3975
In base 6, what is 405 + -2?
403
In base 11, what is 7953 + 1?
7954
In base 8, what is -30 + 4?
-24
In base 14, what is 3 + 3c4?
3c7
In base 11, what is 6 - 6?
0
In base 14, what is -3 - -274?
271
In base 16, what is -495 - a?
-49f
In base 9, what is -24 - 32?
-56
In base 6, what is -222 - 4?
-230
In base 14, what is -48 - 1?
-49
In base 7, what is -22 - -121?
66
In base 4, what is -22 + 20?
-2
In base 13, what is 391 + 10?
3a1
In base 14, what is 1 - -b5?
b6
In base 8, what is 12 - 1?
11
In base 9, what is -25413 - -1?
-25412
In base 6, what is 1201024 + 5?
1201033
In base 9, what is -2 + 40?
37
In base 15, what is 5 + -1da?
-1d5
In base 4, what is -2 + -110103?
-110111
In base 8, what is 0 - 2251?
-2251
In base 7, what is -15 + 21?
3
In base 9, what is 8 - -31?
40
In base 6, what is -1145 - 12?
-1201
In base 10, what is 3 - -34?
37
In base 12, what is -613 - -4?
-60b
In base 2, what is 10 + 110010010010?
110010010100
In base 15, what is 0 + -23?
-23
In base 10, what is 26 - 118?
-92
In base 13, what is 0 + -324?
-324
In base 13, what is 8 + 3a?
45
In base 2, what is -1110 - 1?
-1111
In base 7, what is -1 + 2?
1
In base 16, what is -6 - -649?
643
In base 7, what is -6056 - 20?
-6106
In base 7, what is -1 + -325?
-326
In base 6, what is 0 - -21131?
21131
In base 11, what is 96 - 1?
95
In base 5, what is -30 + 14?
-11
In base 2, what is 101 - -1001110?
1010011
In base 16, what is -3 - -6fa?
6f7
In base 16, what is 1f - 28?
-9
In base 5, what is 0 - 44?
-44
In base 9, what is 18 - -16?
35
In base 14, what is 11 + -2?
d
In base 10, what is 198 + 4?
202
I